8
Suppose -27 = 3*c - 4*n + 2, -5*n = -3*c - 34. Let p be (-4)/(c - 2/(-1)). Calculate the greatest common factor of p and 6.
2
Suppose -f + 24 = f. Let r(o) = -o**3 + 8*o**2 - 8*o + 12. Let b be r(6). What is the highest common divisor of b and f?
12
Let c be 29 + 1 + -3 - 3. Let q(x) = 10*x**2 + 4*x - 8. Let y be q(4). Calculate the highest common divisor of c and y.
24
Let q be -6 + 5 + (-13)/(-1). Suppose -3*l + 25 = 2*l. Suppose l*a - 2*a - 12 = 0. What is the greatest common divisor of q and a?
4
Let r(g) = -2*g**3 - 6*g**2 - 4*g + 2. Let u be r(-1). What is the greatest common divisor of 2 and u?
2
Let j be -2 + 4/(8/6). Let r(a) = 7*a + 1. Let l be r(j). Suppose 17 = 2*h + 1. Calculate the greatest common divisor of l and h.
8
Suppose 4*r = -t + 13, -5*t + 4 = 19. Let b(l) = 2*l**2 - 6*l + 2. Let s be b(r). Calculate the greatest common factor of 20 and s.
10
Suppose 5*a = 4*c - 0*a - 1755, -2*a = c - 442. Calculate the greatest common factor of c and 40.
40
Let t(y) = 12*y**2. Let b be t(-1). Let f(c) = -c**3 - 10*c**2 - 13*c - 12. Let m be f(-9). What is the greatest common divisor of b and m?
12
Let f = 3 + -5. Let v(s) = -51*s - 3. Let i be v(f). Calculate the highest common divisor of 9 and i.
9
Suppose -3*k + 3 = 2*r - 14, -r - 3*k = -16. Let i be -3*r*(-50)/3. Calculate the highest common factor of 125 and i.
25
Let l(z) = 220*z - 1. Let x be l(-1). Let j = -158 - x. Calculate the highest common factor of 9 and j.
9
Suppose -4*k + 96 = 2*c, -4*k + 50 = -2*c - 62. Let p = 111 - k. Calculate the highest common factor of p and 17.
17
Suppose 0 = 4*w - 2*w + 34. Let c = w + 32. Let d(z) = -z**2 + 21*z + 10. Let y be d(10). Calculate the greatest common divisor of c and y.
15
Let x(y) = 12*y - 3. Let t be x(2). Let w(l) = 5*l**2 - 9*l + 7. Let d be w(7). Calculate the greatest common factor of d and t.
21
Let z(g) = -2*g - 6. Let o(y) = -y**3 + 3*y**2 - 5*y + 3. Let b be o(3). Let h be 6/8 + 57/b. Let t be z(h). Calculate the greatest common divisor of t and 10.
2
Suppose 2166 - 6786 = -21*a. Calculate the highest common divisor of a and 20.
20
Let v be 3*(-20)/24*90/(-25). Let o be -1*(1*-2 + 1). What is the greatest common factor of o and v?
1
Suppose s - 3 - 2 = 0. Suppose -b = -s*l - 0 + 27, -2 = b. Suppose -l*o + 17 = -3. Calculate the greatest common divisor of o and 8.
4
Let m = 94 - 9. Calculate the highest common factor of m and 17.
17
Let z = -8 - -10. Suppose -9 = -z*x + 5*h + 52, 5*x + 4*h = 70. Calculate the greatest common divisor of x and 162.
18
Suppose 6*u = u + 50. Suppose 4 = 3*y - y. Suppose -4*g = 2*k - 32 - 32, -y*g - 5*k = -40. What is the highest common divisor of u and g?
5
Let q(b) = b**3 - 11*b**2 - 11*b - 12. Let h be q(12). Suppose -4*k + 7 + 5 = h. Suppose -x + 41 = -k. What is the greatest common factor of x and 4?
4
Suppose 2*q - 11 - 11 = 0. Let j(g) = 4*g**2 - 2*g - 1. Let s be j(2). What is the highest common divisor of q and s?
11
Let m be (2 - 1)*(171 + -6). What is the greatest common divisor of 15 and m?
15
Suppose 3 = -3*i + 18. What is the greatest common divisor of i and 40?
5
Let c(x) = -x**3 - x**2 + x + 4. Let m be c(-2). What is the highest common factor of m and 42?
6
Let x(u) = -u + 0 + 1 + u**3 + 2*u**2 + u**2. Let v = -27 + 24. Let z be x(v). What is the greatest common factor of 2 and z?
2
Suppose -4*j = 4*d - 220, -2*j = -4*d + 24 + 226. Let p(q) = 16*q - 1. Let i be p(1). What is the greatest common factor of i and d?
15
Let k = -69 + 102. What is the greatest common factor of 3 and k?
3
Let g = 25 - -35. What is the greatest common divisor of g and 90?
30
Let i be (-5424)/(-168) - (-4)/(-14). What is the greatest common factor of 32 and i?
32
Let k(n) = -23*n - 1. Let q be k(-1). What is the highest common divisor of 198 and q?
22
Suppose -4*j = -4*o - 1996, -j - 3*j = o - 2021. Suppose j = 5*m - 21. What is the greatest common divisor of 42 and m?
21
Suppose -3*k - q = -0*k - 29, -q + 7 = k. Calculate the highest common factor of 55 and k.
11
Let c be 4/((-5)/((-15)/6)). Suppose -s + 4*g = 2*g - 16, c*s = -3*g + 25. What is the greatest common factor of s and 2?
2
Let b be 26 - (0 + -2 - -1). Let i(s) = -s**2 + 10*s + 2. Let c be i(10). Suppose -g + b = c*g. What is the highest common factor of 81 and g?
9
Let r(g) = g**2 + 7*g + 9. Let j be r(-6). Suppose 5*x - 19 = -3*q + j, -4*q + 2*x = -12. Calculate the highest common divisor of 8 and q.
4
Let d be ((-4)/16)/(2/(-16)). Suppose n - d*n = 5*u - 60, -4*u + 39 = -n. What is the highest common divisor of u and 11?
11
Suppose -s + 3 = -k, 4*s - k = 2 + 7. Suppose 31 + 59 = s*c. What is the greatest common factor of c and 15?
15
Let a = -7 - -5. Let t be (-24)/a*(-138)/(-9). What is the greatest common divisor of 23 and t?
23
Suppose -7*g + 4*g = -48. Let h(d) = 2*d**2 + 10*d - 20. Let a be h(-10). Calculate the highest common factor of a and g.
16
Suppose 4*m - 8 = 2*m. Suppose -m*i + 3*i + 44 = 0. Let o = i + -9. What is the greatest common divisor of 7 and o?
7
Let t(l) = 2*l**2 + 0*l**3 - l**2 + 24 + l**3 - l. Let x be 6/(-4) + 6/4. Let s be t(x). What is the highest common factor of 4 and s?
4
Let s be -4 - 48/(-3 + 2). Let g = 295 - 185. What is the highest common factor of g and s?
22
Let y(v) = v**3 - 24*v**2 - 24*v + 23. Let q be y(25). Suppose -5*m + 362 = -c, -3*m = 2*m - 2*c - 364. Calculate the highest common divisor of q and m.
24
Let n(g) be the first derivative of -9*g**2/2 - 6*g - 4. Let r be n(-7). What is the greatest common divisor of 38 and r?
19
Let q be (7/(-14))/((-1)/6). Let h be ((-27)/(-2))/q*2. Calculate the greatest common divisor of h and 3.
3
Suppose -4*a - 13 - 55 = -4*g, 5*a = g + 3. Calculate the highest common divisor of 33 and g.
11
Let y = -52 + 76. Suppose 0*b = -2*b + y. Suppose 2 = l - 16. What is the highest common factor of l and b?
6
Let v be ((-3)/(-6))/(1/(-12)). Let q = -3 - v. What is the highest common divisor of 1 and q?
1
Let a = -26 + 51. Let f = 35 - a. What is the greatest common divisor of f and 80?
10
Let w = -231 - -539. Calculate the greatest common factor of w and 28.
28
Suppose 5*y - 4 = 1. Let j be (5 - 3 - 2) + y. Let s be (j - 7)/(2/(-3)). Calculate the highest common divisor of 72 and s.
9
Suppose 0 = g + 4*g - 100. Suppose -4*c + 109 = 41. Let s = 27 - c. What is the greatest common divisor of g and s?
10
Suppose 5*z = 182 - 12. Suppose 0*q + q - 80 = 0. Let l = 5 + q. Calculate the highest common divisor of z and l.
17
Let x(s) = 4*s + 69 - 70 + 8*s - s**2. Suppose -a = -5*a + 44. Let m be x(a). Calculate the highest common divisor of m and 10.
10
Suppose 5*o = 31 + 129. Suppose -3*w = 3*r - 0*r - 9, -2*w - 42 = -4*r. Calculate the greatest common factor of r and o.
8
Let u(a) = a**3 - 7*a**2 + 7*a + 4. Let w be u(6). Let r = -75 - -77. Calculate the highest common factor of w and r.
2
Let q = 182 - 162. Suppose -4*n = -0*n - 8. Suppose -n*m + 14 = 4. Calculate the highest common divisor of q and m.
5
Let x(q) be the second derivative of 5*q**3/6 - 3*q**2 - 5*q. Let t be x(4). Calculate the highest common factor of 112 and t.
14
Let w be (301/21)/(1/(-6)). Let b = -38 - w. What is the highest common divisor of 12 and b?
12
Suppose -26 = -z - 2*z - 2*j, -5*j = 3*z - 38. Suppose -p - 1 = -49. What is the highest common divisor of z and p?
6
Let y be 10*((-44)/10 + 5). Let b = -10 - -19. Calculate the highest common factor of b and y.
3
Suppose 12 = -3*g - 5*s, 5*g - s - 2*s = 14. Let p = g - -1. What is the highest common divisor of p and 4?
2
Let q(c) = c**2 + 2*c + 1. Suppose -y = 1 + 3. Let h be ((-6)/y)/(6/(-16)). Let d be q(h). Calculate the highest common divisor of 45 and d.
9
Let j be ((-12)/8)/((-12)/88). Suppose 0 = 5*h - j - 9. Suppose -5*q - 133 = -3*w, -3*w - w = 3*q - 129. Calculate the greatest common factor of h and w.
4
Let v(l) = -l. Let h be v(-1). Calculate the highest common factor of 3 and h.
1
Let i be ((-200)/12 - -7)*-6. Suppose 2*z = -4*s + 178, -4 = -5*s + 1. What is the highest common factor of z and i?
29
Let r(x) = x**3 + 14*x**2 + 3*x + 14. Let q be r(-13). What is the greatest common factor of 9 and q?
9
Let o be (-1)/((1 - -1)/(-2)). Let t(y) = o - 4*y + 3*y + 10*y. Let d be t(1). Calculate the highest common factor of 25 and d.
5
S